 3. Determine c(-3).
-6
Let z(o) = 4*o**2 + 65*o + 25. Determine z(-16).
9
Let p(x) = -5*x + 12. What is p(12)?
-48
Let d(v) = -2*v + 45. What is d(7)?
31
Let u(i) = 13*i + 3. Calculate u(-2).
-23
Let g(v) = -3*v**2 + 46*v - 15. Determine g(15).
0
Let q(z) = z**2 + 12*z - 25. What is q(-13)?
-12
Let c(g) = 2*g - 23. Calculate c(13).
3
Let t(a) = a**2 + 16*a + 5. What is t(-16)?
5
Let g(z) = z**3 + 8*z**2 - 7*z + 3. Give g(-9).
-15
Let j(o) = o**3 - 6*o**2 + 5*o + 16. Determine j(6).
46
Let p(o) = -o**3 - 19*o**2 + 18*o + 17. Give p(-20).
57
Let x(u) = 4*u - 8. Determine x(2).
0
Let s(m) = -m**2 + 2*m - 28. What is s(0)?
-28
Let y(r) = r - 1. What is y(2)?
1
Let t(y) = y**3 - 25*y**2 + 22*y + 52. What is t(24)?
4
Let h(g) = -g - 14. Calculate h(-24).
10
Let n(c) = c**3 - 9*c**2 - 10*c. Give n(10).
0
Let y(h) = -2*h**2 + 37*h + 237. Calculate y(-5).
2
Let s(a) = a**3 + 6*a**2 + 2*a - 10. Determine s(-5).
5
Let k(h) = h**2 - 60*h + 847. What is k(37)?
-4
Let n(c) = -c**3 - 7*c**2 - 11. Give n(-7).
-11
Let k(n) = -3*n**2 - 9*n - 1. Calculate k(-4).
-13
Let t(f) = -f + 11. Determine t(9).
2
Let p(s) = 5*s + 1. Determine p(-3).
-14
Let o(u) = -u**2 - 6*u - 5. Calculate o(-6).
-5
Let l(x) = -2*x**2. Determine l(-2).
-8
Let f(b) = -2*b**2 + 10*b - 6. What is f(6)?
-18
Let m(j) = 5*j - 80. Determine m(32).
80
Let q(r) = -r**3 + 3*r**2 + r + 8. Give q(4).
-4
Let j(p) = 8*p. What is j(4)?
32
Let p(c) = 2*c**3 - 30*c**2 - 3*c + 14. Calculate p(15).
-31
Let n(b) = b**3 - 9*b**2 - 3*b + 17. Determine n(9).
-10
Let m(j) = j**2 + 8*j + 17. What is m(-7)?
10
Let i(w) = -5*w**2 - 81*w - 9. Determine i(-16).
7
Let j(l) = -4*l**3 + 2*l**2 + 5*l. Determine j(-1).
1
Let q(g) = g**3 + 10*g**2 - g - 13. Determine q(-10).
-3
Let m(k) = -k**3 + 6*k**2 - 4*k - 6. Calculate m(4).
10
Let i(l) = -l**2 - 16*l - 1. Give i(-5).
54
Let g(v) = -59*v - 223. Calculate g(-4).
13
Let s(y) = y**3 - 11*y**2 + 5*y - 4. Determine s(11).
51
Let i(y) = y**2 + 13*y - 6. Calculate i(-14).
8
Let u(b) = -2*b**2 + 36*b - 86. Give u(15).
4
Let r(y) = -y**2 - 14*y - 5. Give r(-14).
-5
Let y(u) = -u**3 - 13*u**2 + 14*u + 2. Calculate y(-14).
2
Let f(j) = 7*j + 22. Determine f(4).
50
Let l(w) = -w**2 - 6*w - 6. Give l(4).
-46
Let n(t) = 2*t. Give n(-6).
-12
Let c(g) = 3*g + 34. Give c(-18).
-20
Let x(t) = -6*t**3 + 2*t + 1. What is x(-1)?
5
Let z(v) = 13*v - 93. Give z(5).
-28
Let v(f) = f**2 + 19*f + 17. Calculate v(-18).
-1
Let y(d) = -d + 4. Determine y(2).
2
Let y(c) = -c**3 + 21*c**2 + 25*c - 60. Calculate y(22).
6
Let r(i) = i**3 + 8*i**2 + 18*i + 24. Determine r(-6).
-12
Let i(k) = k**3 + 19*k**2 - 22*k - 45. Give i(-20).
-5
Let d(g) = g**3 + 33*g**2 + 32*g + 9. What is d(-32)?
9
Let i(d) = -44*d + 123. What is i(3)?
-9
Let m(i) = -14*i**3 - 4. Determine m(2).
-116
Let o(d) = -7*d**2 - 33*d + 10. What is o(-5)?
0
Let q(c) = -32*c**2 + 5*c - 6. Calculate q(1).
-33
Let c(p) = p**3 - 14*p**2 + 15*p - 17. Give c(13).
9
Let t(o) = -o - 22. Determine t(-12).
-10
Let z(y) = -7*y**2 - 42*y + 2. Calculate z(-6).
2
Let j(n) = -31*n - 1. What is j(1)?
-32
Let j(v) = v**2 + 12*v + 2. Determine j(-14).
30
Let p(j) = -33*j + 147. Give p(5).
-18
Let n(k) = k**3 + 3*k**2 + 2*k - 1. Calculate n(-2).
-1
Let n(s) = 2*s + 7. Calculate n(-1).
5
Let d(k) = -4*k + 1. What is d(3)?
-11
Let y(a) = -a**2 - 7*a + 1. Calculate y(-8).
-7
Let s(h) = -3*h**2 + 3*h + 8. Determine s(-2).
-10
Let d(r) = 91*r - 372. Give d(4).
-8
Let a(y) = -y + 18. Calculate a(6).
12
Let j(c) = -2*c**2 - 24*c + 12. What is j(-15)?
-78
Let a(l) = -15*l**3 + l**2 + l - 1. Calculate a(1).
-14
Let g(w) = -w**2 - 15*w - 64. What is g(-5)?
-14
Let y(g) = 11*g**3 + 5*g**2 - 3*g - 1. Calculate y(2).
101
Let t(z) = 30*z - 56. Give t(1).
-26
Let l(h) = h - 5. Calculate l(5).
0
Let s(b) = -2*b + 29. Give s(14).
1
Let n(d) = 25*d**2 + d. Calculate n(1).
26
Let n(s) = -3*s - 10. Calculate n(-4).
2
Let l(n) = 4*n - 13. What is l(4)?
3
Let x(d) = -5*d**2 - 2*d + 5. What is x(3)?
-46
Let l(a) = a + 11. Calculate l(8).
19
Let d(y) = 5*y - 27. What is d(7)?
8
Let r(n) = 24*n + 37. Calculate r(-3).
-35
Let n(l) = l**3 + 7*l**2 + 5*l + 6. Give n(-5).
31
Let j(l) = -4*l + 22. What is j(6)?
-2
Let u(n) = -2*n**2 - 11*n + 9. Calculate u(-8).
-31
Let v(i) = -12*i + 82. Determine v(8).
-14
Let o(i) = 8*i**2 - 4*i - 3. What is o(3)?
57
Let t(b) = 2*b - 10. Give t(8).
6
Let l(z) = z**3 + 6*z**2 + 12*z + 7. What is l(-2)?
-1
Let m(y) = -10*y + 10. Determine m(0).
10
Let o(a) = a**3 + 13*a**2 - 13*a - 9. What is o(-14)?
-23
Let a(r) = r**2 - 25*r - 8. Give a(25).
-8
Let b(o) = -15*o - 52. Determine b(-18).
218
Let a(x) = 18*x - 75. Determine a(6).
33
Let h(w) = w**3 + 5*w**2 + 2*w + 8. Give h(-5).
-2
Let m(h) = -3*h**2 - 9*h + 10. Determine m(-4).
-2
Let l(m) = -m**3 - 16*m**2 + 6*m + 100. Calculate l(-16).
4
Let p(f) = 6*f - 8. Determine p(-8).
-56
Let p(a) = -a**2 + 28*a - 25. Calculate p(27).
2
Let o(v) = 7*v**3 + v**2 - 5*v + 6. Calculate o(2).
56
Let i(w) = w**3 + 20*w**2 + 19*w - 7. Give i(-19).
-7
Let y(p) = -p**3 - 5*p**2 - 16*p - 8. Give y(-7).
202
Let r(q) = -2*q**2 - 17*q - 29. What is r(-2)?
-3
Let s(r) = r**3 + 22*r**2 - 46*r + 21. Calculate s(-24).
-27
Let s(v) = -2*v**2 + 5*v + 7. Determine s(-8).
-161
Let m(w) = -5*w. What is m(1)?
-5
Let g(w) = -w**3 + 16*w**2 - w + 19. What is g(16)?
3
Let q(a) = -5*a + 24. Give q(-11).
79
Let c(k) = -k**3 + 5*k**2 + 7*k - 7. Give c(5).
28
Let j(w) = w**2 + 9*w - 3. Determine j(-9).
-3
Let m(a) = 4*a - 8. Determine m(-11).
-52
Let x(f) = -2*f**3 + 2*f**2 + 2*f + 2. Determine x(3).
-28
Let q(x) = x**2 + 6*x + 6. Determine q(-11).
61
Let k(w) = -w**2 - 10*w - 1. Determine k(-11).
-12
Let w(o) = o**3 - 7*o**2 + 7*o - 5. Calculate w(6).
1
Let u(m) = -4*m + 94. Determine u(29).
-22
Let v(l) = -l**3 + 10*l**2 + 27*l - 23. What is v(12)?
13
Let x(y) = -y**2 + 25*y + 57. Determine x(-2).
3
Let h(y) = 2*y**2 - 18*y + 5. Calculate h(9).
5
Let r(k) = 43*k**3 + k**2 + k + 1. What is r(-1)?
-42
Let h(q) = 22*q + 3. Determine h(-1).
-19
Let f(x) = -x**2 - 13*x + 6. Determine f(-14).
-8
Let j(c) = -c**2 + 12*c + 86. Give j(-5).
1
Let s(k) = -4*k**3 + 2*k**2 - 2*k - 3. What is s(-2)?
41
Let u(g) = -3*g + 38. Give u(5).
23
Let o(s) = -s**3 + 62*s**2 + 65*s - 117. Calculate o(63).
9
Let z(v) = v**3 - 15*v**2 - 18*v + 17. Calculate z(16).
-15
Let a(c) = 39*c - 36. Give a(1).
3
Let v(z) = 6*z**2 - 3*z - 2. Determine v(-1).
7
Let s(v) = 11*v**2 - 12*v + 32. What is s(2)?
52
Let t(u) = u**3 - 17*u**2 + 55*u - 27. What is t(13)?
12
Let j(h) = -2*h + 12. Give j(8).
-4
Let k(n) = 6*n**2 - 53*n + 2. What is k(9)?
11
Let n(z) = z**2 - 4*z + 2. Give n(5).
7
Let j(s) = -2*s - 11. Calculate j(4).
-19
Let r(c) = -c**2 + 7*c - 1. What is r(6)?
5
Let p(m) = m**2 + 24*m + 137. Give p(-13).
-6
Let r(t) = -t**3 - 2*t**2 + t + 2. Determine r(-3).
8
Let n(s) = s + 44. Give n(0).
44
Let v(i) = i**2 + 7*i + 6. What is v(-7)?
6
Let p(t) = 32*t - 153. What is p(5)?
7
Let x(u) = 7*u**2 + 2*u - 3. Calculate x(-3).
54
Let l(i) = i**3 + 8*i**2 + 2*i - 9. Give l(-8).
-25
Let y(k) = 7*k**2 - 2*k + 1. What is y(2)?
25
Let y(n) = 4*n**2 - 53*n + 16. What is y(13)?
3
Let j(n) = -6*n - 38. Determine j(-5).
-8
Let d(z) = 2*z - 14. Give d(9).
4
Let g(b) = b**3 - 6*b**2 - 2*b. Calculate g(7).
35
Let o(v) = 2*v**2 - v - 8. Give o(4).
20
Let y(p) = -2*p**2 - 15*p - 19. Give y(-9).
-46
Let u(c) = 5*c - 8. Calculate u(-9).
-53
Let l(c) = -38*c**3 + 2*c**2 + 5*c - 6. Determine l(1).
-37
Let u(m) = m**3 - 3*m**2 - 16*m + 3. Give u(-3).
-3
Let x(g) = g + 22. Calculate x(-13).
9
Let r(h) = h**3 - h**2 - 3*h + 1. Calculate r(2).
-1
Let f(v) = v**2 - 3*v - 77. Determine f(-7).
-7
Let p(o) = -o**2 - 36*o - 94. Determine p(-3).
5
Let w(g) = -g**2 + 9*g + 21. Calculate w(11).
-1
Let s(m) = m**2 + 2*m + 5. Calculate s(-4).
13
Let r(p) = 7*p + 6. Determine r(-6).
-36
Let z(l) = -l**2 - l + 27. Give z(4).
7
Let w(o) = -o**3 + 18*o**2 - 14*o - 39. Calculate w(17).
12
Let y(g) = -6*g + 6. What is y(7)?
-36
Let g(a) = a**2 + 30*a + 29. What is g(-30)?
29
Let p(i) = i**3 - 12*i**2 - 14*i + 1. Give p(13).
-12
Let s(c) = 3*c**3 - 3*c**2 - 6*c - 3. Determine s(-2).
-27
Let o(p) = -p**2 + 5*p - 10. Give o(7).
-24
Let a(z) = z**2 - 5*z - 3. What is a(4)?
-7
Let y(c) = 13*c + 3. What is y(-3